4 and 2288?
208
What is the highest common factor of 16982 and 7532?
14
What is the highest common divisor of 582975054 and 173?
173
What is the greatest common divisor of 354671 and 61132?
527
What is the greatest common factor of 15718445 and 1880?
235
Calculate the highest common divisor of 78671840 and 312.
104
What is the greatest common factor of 16792530 and 50?
10
What is the greatest common factor of 1864474346 and 7649?
7649
What is the highest common divisor of 65794 and 765469?
491
What is the highest common factor of 5411556 and 9523?
89
What is the greatest common factor of 8550 and 3748890?
570
What is the highest common divisor of 36145846 and 44?
22
What is the highest common divisor of 183 and 72933369?
183
Calculate the greatest common factor of 882 and 339129.
441
Calculate the greatest common divisor of 2107610 and 7670.
10
What is the greatest common factor of 2052 and 72142677?
513
What is the greatest common factor of 95964 and 77124?
12
What is the greatest common factor of 21326304 and 384?
96
What is the greatest common divisor of 9262 and 81576?
22
What is the highest common divisor of 3256914 and 16290?
1086
What is the highest common factor of 969 and 916011?
51
Calculate the highest common factor of 2933 and 278027869.
2933
What is the greatest common factor of 338 and 2022358?
26
Calculate the greatest common factor of 5784637 and 2.
1
Calculate the greatest common divisor of 705519 and 16697.
283
Calculate the greatest common divisor of 914884 and 245996.
2764
What is the greatest common divisor of 4946517 and 171?
171
What is the highest common factor of 701726 and 510?
34
Calculate the greatest common factor of 979 and 1998232005.
979
What is the highest common divisor of 626640 and 48720?
1680
What is the greatest common divisor of 3631515 and 45?
15
Calculate the greatest common divisor of 534538 and 15526.
2218
What is the greatest common factor of 56 and 10147144?
56
What is the greatest common divisor of 825639 and 2499?
51
Calculate the greatest common divisor of 113422746 and 18.
6
Calculate the highest common divisor of 28738589 and 11979.
121
What is the greatest common divisor of 6674727 and 8874?
1479
What is the greatest common factor of 193866 and 245058?
474
What is the highest common divisor of 45123 and 461201?
169
What is the highest common divisor of 131291 and 2482?
17
What is the highest common divisor of 135613342 and 458?
458
Calculate the greatest common divisor of 196158562 and 2.
2
Calculate the greatest common divisor of 575 and 290237.
23
What is the greatest common divisor of 350 and 6390020?
70
What is the greatest common factor of 7296 and 170576256?
384
What is the highest common divisor of 66696 and 43911?
21
What is the greatest common divisor of 4 and 2665823?
1
Calculate the greatest common divisor of 4224 and 404736.
384
Calculate the greatest common divisor of 26308590 and 891.
33
What is the highest common divisor of 9639 and 76653?
459
Calculate the greatest common divisor of 1242 and 134781426.
414
What is the greatest common divisor of 336 and 430152?
24
What is the greatest common factor of 304 and 1781616?
16
Calculate the highest common factor of 12182 and 586.
2
What is the greatest common factor of 1471 and 617543452?
1471
Calculate the highest common factor of 848 and 927526924.
212
Calculate the highest common divisor of 6664 and 159324816.
952
What is the highest common factor of 271143509 and 1042?
521
What is the highest common factor of 6725704 and 260?
4
What is the highest common factor of 19605963 and 13?
13
What is the highest common divisor of 305629 and 214117?
31
What is the highest common divisor of 1673710912 and 304?
304
Calculate the highest common divisor of 7569 and 372456.
9
What is the highest common factor of 1017 and 192631326?
339
Calculate the highest common divisor of 383 and 360258992.
383
What is the highest common divisor of 23845 and 48184?
19
Calculate the greatest common factor of 36243560 and 60.
20
Calculate the highest common divisor of 73 and 8042629.
73
Calculate the highest common divisor of 9944 and 44440.
88
Calculate the greatest common divisor of 19201 and 1396759.
91
What is the greatest common divisor of 1540 and 12611984?
308
Calculate the highest common factor of 344 and 245456.
8
What is the greatest common divisor of 65930 and 1237402?
694
Calculate the greatest common divisor of 1541 and 9980689.
23
What is the greatest common divisor of 16710 and 8870?
10
Calculate the highest common divisor of 112566 and 2821860.
1542
What is the greatest common divisor of 391020 and 11628190?
9310
What is the highest common divisor of 8118 and 4988962?
902
What is the greatest common divisor of 47270414 and 5036?
2518
What is the greatest common divisor of 425 and 71042575?
425
Calculate the highest common factor of 3 and 308167.
1
Calculate the greatest common factor of 31899666 and 6652.
3326
Calculate the highest common divisor of 638101 and 2620.
131
What is the greatest common factor of 3893282729 and 4627?
4627
What is the highest common factor of 32335633 and 162987?
4939
Calculate the highest common factor of 7953113 and 21.
7
What is the greatest common divisor of 19989 and 2475?
9
Calculate the highest common factor of 137676 and 99.
33
What is the greatest common divisor of 2014448 and 71240?
1096
What is the highest common factor of 129116 and 7065472?
764
What is the highest common divisor of 300474 and 5040?
18
What is the highest common factor of 3150 and 1177950?
150
What is the highest common factor of 7115496 and 96?
24
Calculate the highest common divisor of 165 and 3911105.
55
What is the highest common divisor of 516550 and 3550?
50
What is the greatest common divisor of 20 and 86074535?
5
What is the highest common factor of 21232304 and 3392?
16
What is the greatest common factor of 20210145 and 121920?
1905
Calculate the greatest common factor of 18538800 and 1200.
1200
Calculate the greatest common divisor of 1841 and 8274.
7
Calculate the highest common factor of 460 and 28938600.
460
What is the highest common factor of 348612012 and 46?
46
Calculate the highest common divisor of 1036290 and 19020.
30
What is the greatest common factor of 54 and 12537576?
18
Calculate the greatest common divisor of 247 and 4337814.
247
What is the highest common factor of 834818 and 26128?
142
What is the greatest common factor of 270412 and 42076?
268
Calculate the greatest common factor of 644232 and 680.
136
Calculate the greatest common factor of 3166345 and 140.
35
Calculate the highest common factor of 11964 and 244548.
12
Calculate the greatest common factor of 4605 and 63393965.
1535
Calculate the highest common divisor of 243434 and 334766.
118
What is the highest common factor of 4077 and 7990467?
453
Calculate the greatest common factor of 13423 and 953899.
433
Calculate the greatest common factor of 952 and 325958.
34
Calculate the highest common divisor of 2497 and 313714.
227
Calculate the greatest common factor of 17145336 and 3072.
24
What is the highest common factor of 1289136 and 22256?
1712
What is the highest common factor of 1377 and 507492?
27
What is the greatest common divisor of 1128 and 4062492?
564
Calculate the highest common divisor of 21303579 and 627.
627
Calculate the greatest common divisor of 47 and 165313617.
47
Calculate the highest common factor of 1682634 and 104257.
137
What is the highest common factor of 93160 and 37720?
40
What is the highest common factor of 1275086005 and 3110?
1555
Calculate the highest common divisor of 78301254 and 1644.
822
Calculate the highest common divisor of 1252900 and 536.
268
Calculate the highest common factor of 346883 and 3743.
19
What is the greatest common divisor of 66904802 and 82912?
5182
What is the highest common factor of 16800 and 272265?
105
Calculate the greatest common factor of 2328 and 1253551176.
2328
Calculate the greatest common factor of 84 and 7001868.
12
What is the greatest common factor of 21 and 299250084?
21
What is the greatest common divisor of 654775 and 165?
55
Calculate the highest common factor of 216 and 24928896.
24
Calculate the highest common divisor of 539 and 24832577.
77
What is the highest common divis